{"id":56,"date":"2021-09-21T16:39:52","date_gmt":"2021-09-21T16:39:52","guid":{"rendered":"http:\/\/orka15.site\/?page_id=56"},"modified":"2021-10-02T00:21:30","modified_gmt":"2021-10-02T00:21:30","slug":"contactenos","status":"publish","type":"page","link":"https:\/\/indutransform.com\/index.php\/contactenos\/","title":{"rendered":"Contactenos"},"content":{"rendered":"<div class=\"\" style=\"\" >\n    \n    <section class=\"u-align-center u-clearfix u-image u-section-2\" id=\"sec-9bd1\" data-image-width=\"2560\" data-image-height=\"1418\">\n      <div class=\"u-align-left u-clearfix u-sheet u-valign-middle u-sheet-1\">\n        <img decoding=\"async\" class=\"u-expanded-width-md u-expanded-width-sm u-expanded-width-xs u-image u-image-contain u-image-default u-image-1\" src=\"https:\/\/indutransform.com\/wp-content\/uploads\/2021\/10\/banner-contactenos-01-1-e1633133938592.png\" alt=\"\" data-image-width=\"3000\" data-image-height=\"457\">\n      <\/div>\n    <\/section>\n    <section class=\"u-align-center u-clearfix u-white u-section-3\" id=\"sec-7e7c\">\n      <div class=\"u-align-left u-clearfix u-sheet u-sheet-1\">\n        <div class=\"u-expanded-width u-list u-list-1\">\n          <div class=\"u-repeater u-repeater-1\">\n            <div class=\"u-align-center u-container-style u-list-item u-repeater-item\">\n              <div class=\"u-container-layout u-similar-container u-valign-top u-container-layout-1\">\n                <div class=\"u-align-center u-container-style u-custom-color-5 u-custom-item u-expanded-width u-group u-shape-rectangle u-group-1\">\n                  <div class=\"u-container-layout u-container-layout-2\"><span class=\"u-custom-color-25 u-custom-item u-icon u-icon-circle u-spacing-10 u-text-custom-color-5 u-icon-1\"><svg class=\"u-svg-link\" preserveAspectRatio=\"xMidYMin slice\" viewBox=\"0 0 512 512\" style=\"\"><use xlink:href=\"#svg-d296\"><\/use><\/svg><svg class=\"u-svg-content\" viewBox=\"0 0 512 512\" id=\"svg-d296\"><g><path d=\"m256 245.254c46.28 0 83.932-37.647 83.932-83.921s-37.652-83.92-83.932-83.92-83.932 37.646-83.932 83.92 37.652 83.921 83.932 83.921zm0-137.845c29.738 0 53.932 24.191 53.932 53.924 0 29.734-24.193 53.925-53.932 53.925s-53.932-24.191-53.932-53.925c0-29.733 24.194-53.924 53.932-53.924z\"><\/path><path d=\"m164.612 312.131c22.735 30.777 13.601 18.808 79.086 112.303 5.952 8.531 18.609 8.571 24.595.013 65.781-93.939 56.73-82.041 79.095-112.317 22.655-30.672 46.083-62.388 58.921-99.554 18.581-53.801 10.549-107.034-22.614-149.894-.001 0-.001-.001-.002-.001-30.378-39.249-78.114-62.681-127.693-62.681s-97.315 23.432-127.694 62.683c-33.163 42.86-41.195 96.094-22.613 149.895 12.836 37.165 36.264 68.881 58.919 99.553zm-12.58-231.092c24.738-31.961 63.605-51.043 103.968-51.043s79.23 19.082 103.968 51.043l-.002-.001c26.767 34.592 33.153 77.83 17.985 121.748-11.339 32.828-33.38 62.667-54.695 91.524-16.596 22.467-11.629 15.595-67.256 95.333-55.569-79.658-50.665-72.873-67.256-95.333-21.315-28.857-43.356-58.697-54.695-91.524-15.168-43.919-8.782-87.156 17.983-121.747z\"><\/path><path d=\"m176.932 377.167c-4.424-7.002-13.688-9.095-20.692-4.67l-42.65 26.937c-9.304 5.876-9.313 19.478 0 25.36l134.4 84.888c4.893 3.091 11.129 3.09 16.021 0l134.4-84.888c9.305-5.876 9.313-19.478 0-25.36l-42.65-26.937c-7.006-4.424-16.269-2.332-20.692 4.67-4.425 7.003-2.333 16.266 4.671 20.69l22.574 14.257-106.314 67.148-106.313-67.148 22.574-14.257c7.004-4.423 9.095-13.686 4.671-20.69z\"><\/path>\n<\/g><\/svg>\n            \n            \n          <\/span>\n                    <h3 class=\"u-align-center u-custom-item u-text u-text-1\"> DIRECCI\u00d3N <\/h3>\n                  <\/div>\n                <\/div><span class=\"u-icon u-icon-circle u-text-custom-color-25 u-icon-2\"><svg class=\"u-svg-link\" preserveAspectRatio=\"xMidYMin slice\" viewBox=\"0 0 451.847 451.847\" style=\"\"><use xlink:href=\"#svg-6217\"><\/use><\/svg><svg class=\"u-svg-content\" viewBox=\"0 0 451.847 451.847\" x=\"0px\" y=\"0px\" id=\"svg-6217\" style=\"enable-background:new 0 0 451.847 451.847;\"><g><path d=\"M225.923,354.706c-8.098,0-16.195-3.092-22.369-9.263L9.27,151.157c-12.359-12.359-12.359-32.397,0-44.751   c12.354-12.354,32.388-12.354,44.748,0l171.905,171.915l171.906-171.909c12.359-12.354,32.391-12.354,44.744,0   c12.365,12.354,12.365,32.392,0,44.751L248.292,345.449C242.115,351.621,234.018,354.706,225.923,354.706z\"><\/path>\n<\/g><\/svg><\/span>\n                <h3 class=\"u-align-center u-text u-text-custom-color-5 u-text-2\">CRA 67 # 4B - 69<br>Bogot\u00e1 Colombia\n                <\/h3>\n              <\/div>\n            <\/div>\n            <div class=\"u-align-center u-container-style u-list-item u-repeater-item\" data-href=\"mailto:comercial@indutransform.com\">\n              <div class=\"u-container-layout u-similar-container u-valign-top u-container-layout-3\">\n                <div class=\"u-align-center u-container-style u-custom-color-24 u-custom-item u-expanded-width u-group u-shape-rectangle u-group-2\">\n                  <div class=\"u-container-layout u-container-layout-4\"><span class=\"u-custom-color-5 u-custom-item u-icon u-icon-circle u-spacing-10 u-text-custom-color-15 u-icon-3\"><svg class=\"u-svg-link\" preserveAspectRatio=\"xMidYMin slice\" viewBox=\"0 0 512 512\" style=\"\"><use xlink:href=\"#svg-0689\"><\/use><\/svg><svg class=\"u-svg-content\" viewBox=\"0 0 512 512\" x=\"0px\" y=\"0px\" id=\"svg-0689\" style=\"enable-background:new 0 0 512 512;\"><g><g><path d=\"M467,61H45C20.218,61,0,81.196,0,106v300c0,24.72,20.128,45,45,45h422c24.72,0,45-20.128,45-45V106    C512,81.28,491.872,61,467,61z M460.786,91L256.954,294.833L51.359,91H460.786z M30,399.788V112.069l144.479,143.24L30,399.788z     M51.213,421l144.57-144.57l50.657,50.222c5.864,5.814,15.327,5.795,21.167-0.046L317,277.213L460.787,421H51.213z M482,399.787    L338.213,256L482,112.212V399.787z\"><\/path>\n<\/g>\n<\/g><\/svg>\n            \n            \n          <\/span>\n                    <h3 class=\"u-align-center u-custom-item u-text u-text-custom-color-5 u-text-default u-text-3\"> CORREO<\/h3>\n                  <\/div>\n                <\/div><span class=\"u-icon u-icon-circle u-text-custom-color-25 u-icon-4\"><svg class=\"u-svg-link\" preserveAspectRatio=\"xMidYMin slice\" viewBox=\"0 0 451.847 451.847\" style=\"\"><use xlink:href=\"#svg-f1d8\"><\/use><\/svg><svg class=\"u-svg-content\" viewBox=\"0 0 451.847 451.847\" x=\"0px\" y=\"0px\" id=\"svg-f1d8\" style=\"enable-background:new 0 0 451.847 451.847;\"><g><path d=\"M225.923,354.706c-8.098,0-16.195-3.092-22.369-9.263L9.27,151.157c-12.359-12.359-12.359-32.397,0-44.751   c12.354-12.354,32.388-12.354,44.748,0l171.905,171.915l171.906-171.909c12.359-12.354,32.391-12.354,44.744,0   c12.365,12.354,12.365,32.392,0,44.751L248.292,345.449C242.115,351.621,234.018,354.706,225.923,354.706z\"><\/path>\n<\/g><\/svg><\/span>\n                <h3 class=\"u-align-center u-text u-text-custom-color-5 u-text-4\"> COMERCIAL@ <br>INDUTRANSFORM.COM<br>\n                  <br>\n                <\/h3>\n              <\/div>\n            <\/div>\n            <div class=\"u-container-style u-list-item u-repeater-item\">\n              <div class=\"u-container-layout u-similar-container u-valign-top u-container-layout-5\">\n                <div class=\"u-align-center u-container-style u-custom-color-5 u-custom-item u-expanded-width u-group u-shape-rectangle u-group-3\">\n                  <div class=\"u-container-layout u-container-layout-6\"><span class=\"u-custom-color-25 u-custom-item u-icon u-icon-circle u-spacing-10 u-text-custom-color-5 u-icon-5\"><svg class=\"u-svg-link\" preserveAspectRatio=\"xMidYMin slice\" viewBox=\"0 0 473.806 473.806\" style=\"\"><use xlink:href=\"#svg-2196\"><\/use><\/svg><svg class=\"u-svg-content\" viewBox=\"0 0 473.806 473.806\" x=\"0px\" y=\"0px\" id=\"svg-2196\" style=\"enable-background:new 0 0 473.806 473.806;\"><g><g><path d=\"M374.456,293.506c-9.7-10.1-21.4-15.5-33.8-15.5c-12.3,0-24.1,5.3-34.2,15.4l-31.6,31.5c-2.6-1.4-5.2-2.7-7.7-4    c-3.6-1.8-7-3.5-9.9-5.3c-29.6-18.8-56.5-43.3-82.3-75c-12.5-15.8-20.9-29.1-27-42.6c8.2-7.5,15.8-15.3,23.2-22.8    c2.8-2.8,5.6-5.7,8.4-8.5c21-21,21-48.2,0-69.2l-27.3-27.3c-3.1-3.1-6.3-6.3-9.3-9.5c-6-6.2-12.3-12.6-18.8-18.6    c-9.7-9.6-21.3-14.7-33.5-14.7s-24,5.1-34,14.7c-0.1,0.1-0.1,0.1-0.2,0.2l-34,34.3c-12.8,12.8-20.1,28.4-21.7,46.5    c-2.4,29.2,6.2,56.4,12.8,74.2c16.2,43.7,40.4,84.2,76.5,127.6c43.8,52.3,96.5,93.6,156.7,122.7c23,10.9,53.7,23.8,88,26    c2.1,0.1,4.3,0.2,6.3,0.2c23.1,0,42.5-8.3,57.7-24.8c0.1-0.2,0.3-0.3,0.4-0.5c5.2-6.3,11.2-12,17.5-18.1c4.3-4.1,8.7-8.4,13-12.9    c9.9-10.3,15.1-22.3,15.1-34.6c0-12.4-5.3-24.3-15.4-34.3L374.456,293.506z M410.256,398.806    C410.156,398.806,410.156,398.906,410.256,398.806c-3.9,4.2-7.9,8-12.2,12.2c-6.5,6.2-13.1,12.7-19.3,20    c-10.1,10.8-22,15.9-37.6,15.9c-1.5,0-3.1,0-4.6-0.1c-29.7-1.9-57.3-13.5-78-23.4c-56.6-27.4-106.3-66.3-147.6-115.6    c-34.1-41.1-56.9-79.1-72-119.9c-9.3-24.9-12.7-44.3-11.2-62.6c1-11.7,5.5-21.4,13.8-29.7l34.1-34.1c4.9-4.6,10.1-7.1,15.2-7.1    c6.3,0,11.4,3.8,14.6,7c0.1,0.1,0.2,0.2,0.3,0.3c6.1,5.7,11.9,11.6,18,17.9c3.1,3.2,6.3,6.4,9.5,9.7l27.3,27.3    c10.6,10.6,10.6,20.4,0,31c-2.9,2.9-5.7,5.8-8.6,8.6c-8.4,8.6-16.4,16.6-25.1,24.4c-0.2,0.2-0.4,0.3-0.5,0.5    c-8.6,8.6-7,17-5.2,22.7c0.1,0.3,0.2,0.6,0.3,0.9c7.1,17.2,17.1,33.4,32.3,52.7l0.1,0.1c27.6,34,56.7,60.5,88.8,80.8    c4.1,2.6,8.3,4.7,12.3,6.7c3.6,1.8,7,3.5,9.9,5.3c0.4,0.2,0.8,0.5,1.2,0.7c3.4,1.7,6.6,2.5,9.9,2.5c8.3,0,13.5-5.2,15.2-6.9    l34.2-34.2c3.4-3.4,8.8-7.5,15.1-7.5c6.2,0,11.3,3.9,14.4,7.3c0.1,0.1,0.1,0.1,0.2,0.2l55.1,55.1    C420.456,377.706,420.456,388.206,410.256,398.806z\"><\/path><path d=\"M256.056,112.706c26.2,4.4,50,16.8,69,35.8s31.3,42.8,35.8,69c1.1,6.6,6.8,11.2,13.3,11.2c0.8,0,1.5-0.1,2.3-0.2    c7.4-1.2,12.3-8.2,11.1-15.6c-5.4-31.7-20.4-60.6-43.3-83.5s-51.8-37.9-83.5-43.3c-7.4-1.2-14.3,3.7-15.6,11    S248.656,111.506,256.056,112.706z\"><\/path><path d=\"M473.256,209.006c-8.9-52.2-33.5-99.7-71.3-137.5s-85.3-62.4-137.5-71.3c-7.3-1.3-14.2,3.7-15.5,11    c-1.2,7.4,3.7,14.3,11.1,15.6c46.6,7.9,89.1,30,122.9,63.7c33.8,33.8,55.8,76.3,63.7,122.9c1.1,6.6,6.8,11.2,13.3,11.2    c0.8,0,1.5-0.1,2.3-0.2C469.556,223.306,474.556,216.306,473.256,209.006z\"><\/path>\n<\/g>\n<\/g><\/svg>\n            \n            \n          <\/span>\n                    <h3 class=\"u-align-center u-custom-item u-text u-text-default u-text-5\"> TEL\u00c9FONO<\/h3>\n                  <\/div>\n                <\/div><span class=\"u-icon u-icon-circle u-text-custom-color-25 u-icon-6\"><svg class=\"u-svg-link\" preserveAspectRatio=\"xMidYMin slice\" viewBox=\"0 0 451.847 451.847\" style=\"\"><use xlink:href=\"#svg-7a9d\"><\/use><\/svg><svg class=\"u-svg-content\" viewBox=\"0 0 451.847 451.847\" x=\"0px\" y=\"0px\" id=\"svg-7a9d\" style=\"enable-background:new 0 0 451.847 451.847;\"><g><path d=\"M225.923,354.706c-8.098,0-16.195-3.092-22.369-9.263L9.27,151.157c-12.359-12.359-12.359-32.397,0-44.751   c12.354-12.354,32.388-12.354,44.748,0l171.905,171.915l171.906-171.909c12.359-12.354,32.391-12.354,44.744,0   c12.365,12.354,12.365,32.392,0,44.751L248.292,345.449C242.115,351.621,234.018,354.706,225.923,354.706z\"><\/path>\n<\/g><\/svg><\/span>\n                <h3 class=\"u-align-center u-text u-text-custom-color-5 u-text-6\">+57 601\u200b\u200b3001240<\/h3>\n              <\/div>\n            <\/div>\n          <\/div>\n        <\/div>\n      <\/div>\n    <\/section>\n    <section class=\"u-clearfix u-custom-color-10 u-section-4\" id=\"sec-3935\">\n      <div class=\"u-clearfix u-sheet u-valign-middle-xl u-sheet-1\">\n        <div class=\"u-clearfix u-expanded-width-sm u-expanded-width-xl u-expanded-width-xs u-grey-30 u-layout-wrap u-layout-wrap-1\">\n          <div class=\"u-layout\">\n            <div class=\"u-layout-row\">\n              <div class=\"u-container-style u-layout-cell u-right-cell u-size-30 u-layout-cell-1\">\n                <div class=\"u-container-layout u-valign-bottom-lg u-valign-bottom-md u-container-layout-1\">\n                  <div class=\"u-form u-form-1\">\n                    <form action=\"#\" method=\"POST\" class=\"u-clearfix u-form-spacing-15 u-form-vertical u-inner-form\" style=\"padding: 0;\" source=\"custom\" name=\"formcontacto\">\n                      <div class=\"u-form-group u-form-name u-form-group-1\">\n                        <label for=\"name-5e5e\" class=\"u-form-control-hidden u-label\" wfd-invisible=\"true\">Name<\/label>\n                        <input type=\"text\" placeholder=\"Nombre (Persona o empresa)\" id=\"name-5e5e\" name=\"nombre\" class=\"u-border-2 u-border-white u-input u-input-rectangle u-radius-10 u-white u-input-1\" required=\"\">\n                      <\/div>\n                      <div class=\"u-form-email u-form-group u-form-group-2\">\n                        <label for=\"email-b065\" class=\"u-form-control-hidden u-label\"><\/label>\n                        <input type=\"email\" placeholder=\"E-Mail\" id=\"email-b065\" name=\"correo\" class=\"u-border-2 u-border-white u-input u-input-rectangle u-radius-10 u-white u-input-2\" required=\"\">\n                      <\/div>\n                      <div class=\"u-form-group u-form-phone u-form-group-3\">\n                        <label for=\"phone-7296\" class=\"u-form-control-hidden u-label\"><\/label>\n                        <input type=\"tel\" pattern=\"\\+?\\d{0,3}[\\s\\(\\-]?([0-9]{2,3})[\\s\\)\\-]?([\\s\\-]?)([0-9]{3})[\\s\\-]?([0-9]{2})[\\s\\-]?([0-9]{2})\" placeholder=\"N\u00famero de contacto\" id=\"phone-7296\" name=\"telefono\" class=\"u-border-2 u-border-white u-input u-input-rectangle u-radius-10 u-white u-input-3\" required=\"\">\n                      <\/div>\n                      <div class=\"u-form-group u-form-message u-form-group-4\">\n                        <label for=\"message-5502\" class=\"u-form-control-hidden u-label\"><\/label>\n                        <textarea placeholder=\"Cu\u00e9ntenos su requerimiento\" rows=\"4\" cols=\"50\" id=\"message-5502\" name=\"mensaje\" class=\"u-border-2 u-border-white u-input u-input-rectangle u-radius-10 u-white u-input-4\" required=\"\"><\/textarea>\n                      <\/div>\n                      <div class=\"u-align-center u-form-group u-form-submit u-form-group-5\">\n                        <a href=\"#\" class=\"u-border-none u-btn u-btn-round u-btn-submit u-button-style u-custom-color-5 u-radius-10 u-btn-1\">Enviar<br>\n                        <\/a>\n                        <input type=\"submit\" value=\"submit\" class=\"u-form-control-hidden\" wfd-invisible=\"true\">\n                      <\/div>\n                      <div class=\"u-form-send-message u-form-send-success\" wfd-invisible=\"true\">Su requerimiento fue enviado<\/div>\n                      <div class=\"u-form-send-error u-form-send-message\" wfd-invisible=\"true\">Su requerimiento no pudo ser enviado, por favor cont\u00e1ctese por otro medio<\/div>\n                      <input type=\"hidden\" value=\"\" name=\"recaptchaResponse\" wfd-invisible=\"true\">\n                    <\/form>\n                  <\/div>\n                <\/div>\n              <\/div>\n              <div class=\"u-container-style u-layout-cell u-left-cell u-size-30 u-layout-cell-2\">\n                <div class=\"u-container-layout u-valign-bottom-md u-valign-bottom-sm u-valign-bottom-xs u-container-layout-2\">\n                  <img decoding=\"async\" class=\"u-expanded-width-md u-expanded-width-sm u-expanded-width-xs u-hidden-sm u-hidden-xs u-image u-image-round u-radius-28 u-image-1\" src=\"https:\/\/indutransform.com\/wp-content\/uploads\/2021\/10\/8a8ac2956839e91f5f671e0f4741c6efb4b6eb9f2327f5163272921654b32903ccadc1c00203df0077407d40359a5bfbe17e79a1efd8f9c9df8f4c_1280-1.jpg\" alt=\"\" data-image-width=\"1280\" data-image-height=\"848\">\n                  <p class=\"u-align-justify u-text u-text-custom-color-5 u-text-1\">Los precios de nuestros productos est\u00e1n sujetos al servicio prestado, de acuerdo a su requerimiento y necesidad, realizaremos&nbsp;la cotizaci\u00f3n<\/p>\n                  <p class=\"u-align-left u-text u-text-custom-color-5 u-text-2\">HORARIOS DE ATENCI\u00d3N <span style=\"font-weight: 400;\">\n                      <br>LUNES A S\u00c1BADO <br>7:00 A 17:00 HORAS\n                    <\/span>\n                  <\/p>\n                <\/div>\n              <\/div>\n            <\/div>\n          <\/div>\n        <\/div>\n      <\/div>\n    <\/section>\n    <section class=\"u-clearfix u-custom-color-6 u-section-5\" id=\"sec-ce4f\">\n      <div class=\"u-clearfix u-sheet u-sheet-1\">\n        <div class=\"u-clearfix u-custom-html u-expanded-width u-custom-html-1\">\n          <iframe src=\"https:\/\/www.google.com\/maps\/embed?pb=!1m14!1m8!1m3!1d15907.244850934176!2d-74.12891893774523!3d4.627745779451991!3m2!1i1024!2i768!4f13.1!3m3!1m2!1s0x0%3A0x84f20ffd866ea801!2sIndutransform%20Sas!5e0!3m2!1ses-419!2sco!4v1629855924422!5m2!1ses-419!2sco\" width=\"100%\" height=\"550\" style=\"border:0;\" allowfullscreen=\"\" loading=\"lazy\"><\/iframe>\n        <\/div>\n      <\/div>\n    <\/section>\n    \n    \n    \n  \n<\/div>","protected":false},"excerpt":{"rendered":"<p>DIRECCI\u00d3N CRA 67 # 4B &#8211; 69Bogot\u00e1 Colombia CORREO COMERCIAL@ INDUTRANSFORM.COM TEL\u00c9FONO +57 601\u200b\u200b3001240 Name Enviar Su requerimiento fue enviado Su requerimiento no pudo ser enviado, por favor cont\u00e1ctese por otro medio Los precios de nuestros productos est\u00e1n sujetos al servicio prestado, de acuerdo a su requerimiento y necesidad, realizaremos&nbsp;la cotizaci\u00f3n HORARIOS DE ATENCI\u00d3N LUNES&hellip; <a class=\"more-link\" href=\"https:\/\/indutransform.com\/index.php\/contactenos\/\">Seguir leyendo <span class=\"screen-reader-text\">Contactenos<\/span><\/a><\/p>\n","protected":false},"author":1,"featured_media":0,"parent":0,"menu_order":0,"comment_status":"closed","ping_status":"closed","template":"","meta":{"om_disable_all_campaigns":false,"footnotes":""},"class_list":["post-56","page","type-page","status-publish","hentry","entry"],"_links":{"self":[{"href":"https:\/\/indutransform.com\/index.php\/wp-json\/wp\/v2\/pages\/56","targetHints":{"allow":["GET"]}}],"collection":[{"href":"https:\/\/indutransform.com\/index.php\/wp-json\/wp\/v2\/pages"}],"about":[{"href":"https:\/\/indutransform.com\/index.php\/wp-json\/wp\/v2\/types\/page"}],"author":[{"embeddable":true,"href":"https:\/\/indutransform.com\/index.php\/wp-json\/wp\/v2\/users\/1"}],"replies":[{"embeddable":true,"href":"https:\/\/indutransform.com\/index.php\/wp-json\/wp\/v2\/comments?post=56"}],"version-history":[{"count":6,"href":"https:\/\/indutransform.com\/index.php\/wp-json\/wp\/v2\/pages\/56\/revisions"}],"predecessor-version":[{"id":105,"href":"https:\/\/indutransform.com\/index.php\/wp-json\/wp\/v2\/pages\/56\/revisions\/105"}],"wp:attachment":[{"href":"https:\/\/indutransform.com\/index.php\/wp-json\/wp\/v2\/media?parent=56"}],"curies":[{"name":"wp","href":"https:\/\/api.w.org\/{rel}","templated":true}]}}